 are the prime factors of 1305?
3, 5, 29
What are the prime factors of 220?
2, 5, 11
List the prime factors of 540.
2, 3, 5
What are the prime factors of 6146?
2, 7, 439
What are the prime factors of 2426?
2, 1213
What are the prime factors of 6267?
3, 2089
What are the prime factors of 41987?
11, 347
List the prime factors of 829.
829
What are the prime factors of 20033?
13, 23, 67
List the prime factors of 32433.
3, 19, 569
What are the prime factors of 435?
3, 5, 29
List the prime factors of 1200.
2, 3, 5
What are the prime factors of 6195?
3, 5, 7, 59
List the prime factors of 34184.
2, 4273
What are the prime factors of 1023?
3, 11, 31
List the prime factors of 1063.
1063
List the prime factors of 37213.
11, 17, 199
List the prime factors of 60404.
2, 15101
What are the prime factors of 381?
3, 127
What are the prime factors of 499?
499
What are the prime factors of 6033?
3, 2011
What are the prime factors of 994?
2, 7, 71
List the prime factors of 70233.
3, 41, 571
What are the prime factors of 21045?
3, 5, 23, 61
What are the prime factors of 2161?
2161
List the prime factors of 1061.
1061
What are the prime factors of 7688?
2, 31
List the prime factors of 7334.
2, 19, 193
List the prime factors of 15598.
2, 11, 709
What are the prime factors of 80?
2, 5
List the prime factors of 2523.
3, 29
What are the prime factors of 97?
97
What are the prime factors of 13301?
47, 283
What are the prime factors of 250?
2, 5
List the prime factors of 13311.
3, 17, 29
List the prime factors of 30125.
5, 241
List the prime factors of 1575.
3, 5, 7
What are the prime factors of 4052?
2, 1013
List the prime factors of 2369.
23, 103
What are the prime factors of 5120?
2, 5
List the prime factors of 831.
3, 277
What are the prime factors of 827?
827
List the prime factors of 19151.
11, 1741
List the prime factors of 47763.
3, 29, 61
What are the prime factors of 241?
241
What are the prime factors of 9226?
2, 7, 659
List the prime factors of 29528.
2, 3691
List the prime factors of 1084.
2, 271
List the prime factors of 20724.
2, 3, 11, 157
What are the prime factors of 1187?
1187
What are the prime factors of 2173?
41, 53
What are the prime factors of 492?
2, 3, 41
What are the prime factors of 9455?
5, 31, 61
What are the prime factors of 33721?
33721
What are the prime factors of 28912?
2, 13, 139
List the prime factors of 4514.
2, 37, 61
What are the prime factors of 25007?
17, 1471
List the prime factors of 103.
103
List the prime factors of 1170.
2, 3, 5, 13
What are the prime factors of 586?
2, 293
List the prime factors of 6472.
2, 809
List the prime factors of 241.
241
List the prime factors of 82378.
2, 41189
What are the prime factors of 636?
2, 3, 53
List the prime factors of 27.
3
What are the prime factors of 5000?
2, 5
List the prime factors of 11724.
2, 3, 977
List the prime factors of 379.
379
What are the prime factors of 11757?
3, 3919
List the prime factors of 297.
3, 11
What are the prime factors of 70286?
2, 113, 311
What are the prime factors of 1289?
1289
List the prime factors of 467.
467
What are the prime factors of 429?
3, 11, 13
List the prime factors of 29090.
2, 5, 2909
What are the prime factors of 943?
23, 41
What are the prime factors of 54?
2, 3
What are the prime factors of 1332?
2, 3, 37
What are the prime factors of 3949?
11, 359
List the prime factors of 955.
5, 191
What are the prime factors of 349?
349
List the prime factors of 12685.
5, 43, 59
What are the prime factors of 8652?
2, 3, 7, 103
List the prime factors of 9862.
2, 4931
List the prime factors of 408.
2, 3, 17
What are the prime factors of 159968?
2, 4999
What are the prime factors of 64786?
2, 29, 1117
What are the prime factors of 5308?
2, 1327
List the prime factors of 4908.
2, 3, 409
List the prime factors of 2688.
2, 3, 7
What are the prime factors of 118475?
5, 7, 677
List the prime factors of 1919.
19, 101
List the prime factors of 81033.
3, 27011
What are the prime factors of 28467?
3, 3163
What are the prime factors of 29159?
13, 2243
What are the prime factors of 801?
3, 89
What are the prime factors of 19650?
2, 3, 5, 131
What are the prime factors of 20548?
2, 11, 467
What are the prime factors of 13042?
2, 6521
What are the prime factors of 861?
3, 7, 41
What are the prime factors of 97601?
7, 73, 191
List the prime factors of 1239.
3, 7, 59
What are the prime factors of 4692?
2, 3, 17, 23
What are the prime factors of 20013?
3, 7, 953
List the prime factors of 3821.
3821
List the prime factors of 357.
3, 7, 17
What are the prime factors of 13205?
5, 19, 139
List the prime factors of 2433.
3, 811
What are the prime factors of 4000?
2, 5
What are the prime factors of 13158?
2, 3, 17, 43
List the prime factors of 59233.
59233
List the prime factors of 220.
2, 5, 11
List the prime factors of 18568.
2, 11, 211
What are the prime factors of 21849?
3, 7283
What are the prime factors of 5493?
3, 1831
What are the prime factors of 778?
2, 389
List the prime factors of 39396.
2, 3, 7, 67
List the prime factors of 16631.
16631
What are the prime factors of 48577?
31, 1567
List the prime factors of 2509.
13, 193
List the prime factors of 890.
2, 5, 89
List the prime factors of 6389.
6389
List the prime factors of 1138.
2, 569
What are the prime factors of 126854?
2, 7, 13, 17, 41
What are the prime factors of 43276?
2, 31, 349
What are the prime factors of 3482?
2, 1741
List the prime factors of 3624.
2, 3, 151
List the prime factors of 2457.
3, 7, 13
List the prime factors of 15286.
2, 7643
What are the prime factors of 7869?
3, 43, 61
What are the prime factors of 175?
5, 7
List the prime factors of 8762.
2, 13, 337
What are the prime factors of 70059?
3, 11, 193
List the prime factors of 8979.
3, 41, 73
List the prime factors of 34121.
149, 229
What are the prime factors of 6908?
2, 11, 157
List the prime factors of 2813.
29, 97
List the prime factors of 695.
5, 139
List the prime factors of 434.
2, 7, 31
List the prime factors of 21499.
21499
List the prime factors of 82006.
2, 131, 313
List the prime factors of 5280.
2, 3, 5, 11
What are the prime factors of 4632?
2, 3, 193
List the prime factors of 31569.
3, 17, 619
List the prime factors of 325.
5, 13
What are the prime factors of 15780?
2, 3, 5, 263
What are the prime factors of 1129?
1129
What are the prime factors of 3597?
3, 11, 109
List the prime factors of 1162.
2, 7, 83
What are the prime factors of 6353?
6353
List the prime factors of 14442.
2, 3, 29, 83
What are the prime factors of 292?
2, 73
What are the prime factors of 1231?
1231
What are the prime factors of 63363?
3, 21121
What are the prime factors of 1073?
29, 37
What are the prime factors of 1142?
2, 571
List the prime factors of 19568.
2, 1223
List the prime factors of 2386.
2, 1193
List the prime factors of 1598.
2, 17, 47
What are the prime factors of 763?
7, 109
What are the prime factors of 9099?
3, 337
List the prime factors of 2108.
2, 17, 31
What are the prime factors of 3245?
5, 11, 59
What are the prime factors of 1358?
2, 7, 97
What are the prime factors of 9112?
2, 17, 67
What are the prime factors of 24?
2, 3
What are the prime factors of 5828?
2, 31, 47
What are the prime factors of 628?
2, 157
What are the prime factors of 905?
5, 181
List the prime factors of 634.
2, 317
List the prime factors of 32630.
2, 5, 13, 251
List the prime factors of 819.
3, 7, 13
What are the prime factors of 1361?
1361
What are the prime factors of 74895?
3, 5, 4993
What are the prime factors of 5591?
5591
What are the prime factors of 8650?
2, 5, 173
List the prime factors of 27109.
27109
What are the prime factors of 1984?
2, 31
What are the prime factors of 8335?
5, 1667
What are the prime factors of 258?
2, 3, 43
List the prime factors of 25472.
2, 199
What are the prime factors of 4893?
3, 7, 233
List the prime factors of 1212.
2, 3, 101
What are the prime factors of 32018?
2, 7, 2287
List the prime factors of 4870.
2, 5, 487
List the prime factors of 45629.
103, 443
What are the prime factors of 17715?
3, 5, 1181
What are the prime factors of 25503?
3, 8501
List the prime factors of 27228.
2, 3, 2269
What are the prime factors of 2386?
2, 1193
What are the prime factors of 1423?
1423
List the prime factors of 18352.
2, 31, 3